{"id":111,"date":"2020-11-02T19:06:32","date_gmt":"2020-11-02T19:06:32","guid":{"rendered":"https:\/\/schule3636.ch\/?page_id=111"},"modified":"2025-12-17T15:00:07","modified_gmt":"2025-12-17T15:00:07","slug":"kontakt-2","status":"publish","type":"page","link":"https:\/\/schule3636.ch\/index.php\/kontakt-2\/","title":{"rendered":"Kontakt"},"content":{"rendered":"\n<figure class=\"wp-block-table is-style-stripes\"><table><tbody><tr><td>Schulhaus<\/td><td><\/td><td>033 356 27 28<\/td><\/tr><tr><td>Hauswarte<\/td><td>David H\u00e4nni<br>Peter Anderegg<\/td><td>079 864 47 56<\/td><\/tr><tr><td>Schulleitung<\/td><td>Regula Marti<\/td><td><a href=\"mailto:schulleitung@schule3636.ch\" target=\"_blank\" rel=\"noreferrer noopener\">schulleitung@schule3636.ch<\/a><\/td><\/tr><tr><td>Kindergarten<\/td><td>Sabine Sch\u00f6nholzer (KL)<\/td><td><a href=\"mailto:s.schoenholzer@schule3636.ch\" target=\"_blank\" rel=\"noreferrer noopener\">s.schoenholzer@schule3636.ch<\/a><\/td><\/tr><tr><td><\/td><td>Christine Jakob (TP)<\/td><td><a href=\"mailto:ch.jakob@schule3636.ch\" target=\"_blank\" rel=\"noreferrer noopener\">ch.jakob@schule3636.ch<\/a><\/td><\/tr><tr><td>1.\/2. Klasse<\/td><td>Eva Barucki (KL)<\/td><td><a href=\"mailto:e.barucki@schule3636.ch\">e.barucki@schule3636.ch<\/a><\/td><\/tr><tr><td><\/td><td>Edith Heger (Sport)<\/td><td><\/td><\/tr><tr><td>3.\/4. Klasse<\/td><td>Christine Wullschl\u00e4ger (KL)<\/td><td><a href=\"mailto:ch.wullschlaeger@schule3636.ch\">ch.wullschlaeger@schule3636.ch<\/a><\/td><\/tr><tr><td><\/td><td>Antonella Fazio (KL)<\/td><td><a href=\"mailto:a.fazio@schule3636.ch\">a.fazio@schule3636.ch<\/a><\/td><\/tr><tr><td>5.\/6. Klasse<\/td><td>Liv Ingold (KL)<\/td><td><a href=\"mailto:l.ingold@schule3636.ch\" target=\"_blank\" rel=\"noreferrer noopener\">l.ingold@schule3636.ch<\/a><\/td><\/tr><tr><td><\/td><td>Stephanie D\u00fcr (TP)<\/td><td><a href=\"mailto:s.duer@schule3636.ch\">s.duer@schule3636.ch<\/a><\/td><\/tr><tr><td>Franz\u00f6sisch<\/td><td>Monique Fuchser<\/td><td><a href=\"mailto:m.fuchser@schule3636.ch\" target=\"_blank\" rel=\"noreferrer noopener\">m.fuchser@schule3636.ch<\/a><\/td><\/tr><tr><td>TTG<\/td><td>Belinda B\u00fctikofer<\/td><td><a href=\"mailto:b.buetikofer@schule3636.ch\">b.buetikofer@schule3636.ch<\/a><\/td><\/tr><\/tbody><\/table><\/figure>\n\n\n<div class=\"style-203 style-local-111-c1 position-relative\" data-colibri-id=\"111-c1\">\n<div id=\"reusable-sections\" class=\"h-section h-section-global-spacing d-flex align-items-lg-center align-items-md-center align-items-center style-393 style-local-111-c14 position-relative\" data-colibri-component=\"section\" data-colibri-id=\"111-c14\">\n<div class=\"h-section-grid-container h-section-boxed-container\">\n<div class=\"h-row-container gutters-row-lg-2 gutters-row-md-2 gutters-row-0 gutters-row-v-lg-2 gutters-row-v-md-2 gutters-row-v-2 style-394 style-local-111-c15 position-relative\" data-colibri-id=\"111-c15\">\n<div class=\"h-row justify-content-lg-center justify-content-md-center justify-content-center align-items-lg-stretch align-items-md-stretch align-items-stretch gutters-col-lg-2 gutters-col-md-2 gutters-col-0 gutters-col-v-lg-2 gutters-col-v-md-2 gutters-col-v-2\">\n<div class=\"h-column h-column-container d-flex h-col-lg-auto h-col-md-auto h-col-auto style-397-outer style-local-111-c18-outer\">\n<div class=\"d-flex h-flex-basis h-column__inner h-px-lg-2 h-px-md-2 h-px-2 v-inner-lg-2 v-inner-md-2 v-inner-2 style-397 style-local-111-c18 position-relative\" data-colibri-id=\"111-c18\">\n<div class=\"w-100 h-y-container h-column__content h-column__v-align flex-basis-100 align-self-lg-start align-self-md-start align-self-start\">\n<div class=\"h-text h-text-component style-398 style-local-111-c19 position-relative h-element\" data-colibri-id=\"111-c19\">\u00a0<\/div>\n<\/div>\n<\/div>\n<\/div>\n<\/div>\n<\/div>\n<\/div>\n<\/div>\n<\/div>\n\n\n<p><\/p>\n","protected":false},"excerpt":{"rendered":"<p>Schulhaus 033 356 27 28 Hauswarte David H\u00e4nniPeter Anderegg 079 864 47 56 Schulleitung Regula Marti schulleitung@schule3636.ch Kindergarten Sabine Sch\u00f6nholzer &hellip; <\/p>\n","protected":false},"author":1,"featured_media":0,"parent":0,"menu_order":0,"comment_status":"closed","ping_status":"closed","template":"","meta":{"footnotes":""},"class_list":["post-111","page","type-page","status-publish","hentry"],"yoast_head":"<!-- This site is optimized with the Yoast SEO plugin v27.4 - https:\/\/yoast.com\/product\/yoast-seo-wordpress\/ -->\n<title>Kontakt - Primarschule Forst-L\u00e4ngenb\u00fchl<\/title>\n<meta name=\"robots\" content=\"index, follow, max-snippet:-1, max-image-preview:large, max-video-preview:-1\" \/>\n<link rel=\"canonical\" href=\"https:\/\/schule3636.ch\/index.php\/kontakt-2\/\" \/>\n<meta property=\"og:locale\" content=\"de_DE\" \/>\n<meta property=\"og:type\" content=\"article\" \/>\n<meta property=\"og:title\" content=\"Kontakt - Primarschule Forst-L\u00e4ngenb\u00fchl\" \/>\n<meta property=\"og:description\" content=\"Schulhaus 033 356 27 28 Hauswarte David H\u00e4nniPeter Anderegg 079 864 47 56 Schulleitung Regula Marti schulleitung@schule3636.ch Kindergarten Sabine Sch\u00f6nholzer &hellip;\" \/>\n<meta property=\"og:url\" content=\"https:\/\/schule3636.ch\/index.php\/kontakt-2\/\" \/>\n<meta property=\"og:site_name\" content=\"Primarschule Forst-L\u00e4ngenb\u00fchl\" \/>\n<meta property=\"article:modified_time\" content=\"2025-12-17T15:00:07+00:00\" \/>\n<meta name=\"twitter:card\" content=\"summary_large_image\" \/>\n<meta name=\"twitter:label1\" content=\"Gesch\u00e4tzte Lesezeit\" \/>\n\t<meta name=\"twitter:data1\" content=\"1\u00a0Minute\" \/>\n<script type=\"application\/ld+json\" class=\"yoast-schema-graph\">{\"@context\":\"https:\\\/\\\/schema.org\",\"@graph\":[{\"@type\":\"WebPage\",\"@id\":\"https:\\\/\\\/schule3636.ch\\\/index.php\\\/kontakt-2\\\/\",\"url\":\"https:\\\/\\\/schule3636.ch\\\/index.php\\\/kontakt-2\\\/\",\"name\":\"Kontakt - Primarschule Forst-L\u00e4ngenb\u00fchl\",\"isPartOf\":{\"@id\":\"https:\\\/\\\/schule3636.ch\\\/#website\"},\"datePublished\":\"2020-11-02T19:06:32+00:00\",\"dateModified\":\"2025-12-17T15:00:07+00:00\",\"breadcrumb\":{\"@id\":\"https:\\\/\\\/schule3636.ch\\\/index.php\\\/kontakt-2\\\/#breadcrumb\"},\"inLanguage\":\"de\",\"potentialAction\":[{\"@type\":\"ReadAction\",\"target\":[\"https:\\\/\\\/schule3636.ch\\\/index.php\\\/kontakt-2\\\/\"]}]},{\"@type\":\"BreadcrumbList\",\"@id\":\"https:\\\/\\\/schule3636.ch\\\/index.php\\\/kontakt-2\\\/#breadcrumb\",\"itemListElement\":[{\"@type\":\"ListItem\",\"position\":1,\"name\":\"Home\",\"item\":\"https:\\\/\\\/schule3636.ch\\\/\"},{\"@type\":\"ListItem\",\"position\":2,\"name\":\"Kontakt\"}]},{\"@type\":\"WebSite\",\"@id\":\"https:\\\/\\\/schule3636.ch\\\/#website\",\"url\":\"https:\\\/\\\/schule3636.ch\\\/\",\"name\":\"Primarschule Forst-L\u00e4ngenb\u00fchl\",\"description\":\"\",\"publisher\":{\"@id\":\"https:\\\/\\\/schule3636.ch\\\/#organization\"},\"potentialAction\":[{\"@type\":\"SearchAction\",\"target\":{\"@type\":\"EntryPoint\",\"urlTemplate\":\"https:\\\/\\\/schule3636.ch\\\/?s={search_term_string}\"},\"query-input\":{\"@type\":\"PropertyValueSpecification\",\"valueRequired\":true,\"valueName\":\"search_term_string\"}}],\"inLanguage\":\"de\"},{\"@type\":\"Organization\",\"@id\":\"https:\\\/\\\/schule3636.ch\\\/#organization\",\"name\":\"Primarschule Forst-L\u00e4ngenb\u00fchl\",\"url\":\"https:\\\/\\\/schule3636.ch\\\/\",\"logo\":{\"@type\":\"ImageObject\",\"inLanguage\":\"de\",\"@id\":\"https:\\\/\\\/schule3636.ch\\\/#\\\/schema\\\/logo\\\/image\\\/\",\"url\":\"https:\\\/\\\/schule3636.ch\\\/wp-content\\\/uploads\\\/2020\\\/11\\\/cropped-cropped-cropped-Unbenannt.png\",\"contentUrl\":\"https:\\\/\\\/schule3636.ch\\\/wp-content\\\/uploads\\\/2020\\\/11\\\/cropped-cropped-cropped-Unbenannt.png\",\"width\":218,\"height\":86,\"caption\":\"Primarschule Forst-L\u00e4ngenb\u00fchl\"},\"image\":{\"@id\":\"https:\\\/\\\/schule3636.ch\\\/#\\\/schema\\\/logo\\\/image\\\/\"}}]}<\/script>\n<!-- \/ Yoast SEO plugin. -->","yoast_head_json":{"title":"Kontakt - Primarschule Forst-L\u00e4ngenb\u00fchl","robots":{"index":"index","follow":"follow","max-snippet":"max-snippet:-1","max-image-preview":"max-image-preview:large","max-video-preview":"max-video-preview:-1"},"canonical":"https:\/\/schule3636.ch\/index.php\/kontakt-2\/","og_locale":"de_DE","og_type":"article","og_title":"Kontakt - Primarschule Forst-L\u00e4ngenb\u00fchl","og_description":"Schulhaus 033 356 27 28 Hauswarte David H\u00e4nniPeter Anderegg 079 864 47 56 Schulleitung Regula Marti schulleitung@schule3636.ch Kindergarten Sabine Sch\u00f6nholzer &hellip;","og_url":"https:\/\/schule3636.ch\/index.php\/kontakt-2\/","og_site_name":"Primarschule Forst-L\u00e4ngenb\u00fchl","article_modified_time":"2025-12-17T15:00:07+00:00","twitter_card":"summary_large_image","twitter_misc":{"Gesch\u00e4tzte Lesezeit":"1\u00a0Minute"},"schema":{"@context":"https:\/\/schema.org","@graph":[{"@type":"WebPage","@id":"https:\/\/schule3636.ch\/index.php\/kontakt-2\/","url":"https:\/\/schule3636.ch\/index.php\/kontakt-2\/","name":"Kontakt - Primarschule Forst-L\u00e4ngenb\u00fchl","isPartOf":{"@id":"https:\/\/schule3636.ch\/#website"},"datePublished":"2020-11-02T19:06:32+00:00","dateModified":"2025-12-17T15:00:07+00:00","breadcrumb":{"@id":"https:\/\/schule3636.ch\/index.php\/kontakt-2\/#breadcrumb"},"inLanguage":"de","potentialAction":[{"@type":"ReadAction","target":["https:\/\/schule3636.ch\/index.php\/kontakt-2\/"]}]},{"@type":"BreadcrumbList","@id":"https:\/\/schule3636.ch\/index.php\/kontakt-2\/#breadcrumb","itemListElement":[{"@type":"ListItem","position":1,"name":"Home","item":"https:\/\/schule3636.ch\/"},{"@type":"ListItem","position":2,"name":"Kontakt"}]},{"@type":"WebSite","@id":"https:\/\/schule3636.ch\/#website","url":"https:\/\/schule3636.ch\/","name":"Primarschule Forst-L\u00e4ngenb\u00fchl","description":"","publisher":{"@id":"https:\/\/schule3636.ch\/#organization"},"potentialAction":[{"@type":"SearchAction","target":{"@type":"EntryPoint","urlTemplate":"https:\/\/schule3636.ch\/?s={search_term_string}"},"query-input":{"@type":"PropertyValueSpecification","valueRequired":true,"valueName":"search_term_string"}}],"inLanguage":"de"},{"@type":"Organization","@id":"https:\/\/schule3636.ch\/#organization","name":"Primarschule Forst-L\u00e4ngenb\u00fchl","url":"https:\/\/schule3636.ch\/","logo":{"@type":"ImageObject","inLanguage":"de","@id":"https:\/\/schule3636.ch\/#\/schema\/logo\/image\/","url":"https:\/\/schule3636.ch\/wp-content\/uploads\/2020\/11\/cropped-cropped-cropped-Unbenannt.png","contentUrl":"https:\/\/schule3636.ch\/wp-content\/uploads\/2020\/11\/cropped-cropped-cropped-Unbenannt.png","width":218,"height":86,"caption":"Primarschule Forst-L\u00e4ngenb\u00fchl"},"image":{"@id":"https:\/\/schule3636.ch\/#\/schema\/logo\/image\/"}}]}},"_links":{"self":[{"href":"https:\/\/schule3636.ch\/index.php\/wp-json\/wp\/v2\/pages\/111","targetHints":{"allow":["GET"]}}],"collection":[{"href":"https:\/\/schule3636.ch\/index.php\/wp-json\/wp\/v2\/pages"}],"about":[{"href":"https:\/\/schule3636.ch\/index.php\/wp-json\/wp\/v2\/types\/page"}],"author":[{"embeddable":true,"href":"https:\/\/schule3636.ch\/index.php\/wp-json\/wp\/v2\/users\/1"}],"replies":[{"embeddable":true,"href":"https:\/\/schule3636.ch\/index.php\/wp-json\/wp\/v2\/comments?post=111"}],"version-history":[{"count":28,"href":"https:\/\/schule3636.ch\/index.php\/wp-json\/wp\/v2\/pages\/111\/revisions"}],"predecessor-version":[{"id":3626,"href":"https:\/\/schule3636.ch\/index.php\/wp-json\/wp\/v2\/pages\/111\/revisions\/3626"}],"wp:attachment":[{"href":"https:\/\/schule3636.ch\/index.php\/wp-json\/wp\/v2\/media?parent=111"}],"curies":[{"name":"wp","href":"https:\/\/api.w.org\/{rel}","templated":true}]}}